= -6*a + 19. Let l(n) = 2*n - 6. Let k(w) = -8*l(w) - 3*o(w). Suppose 5*x + 72 = 8*x. Let p = 30 - x. Determine k(p).
3
Let h(g) = -3*g**2 + 2. Let u(f) = 4*f**2 - f - 3. Let w(j) = -5*h(j) - 4*u(j). Determine w(3).
5
Let l(j) = 4 - 2*j + j + 3*j. Let x(m) = -2*m**3 + 24*m**2 - 3*m + 30. Let w be x(12). What is l(w)?
-8
Let b(u) = -3*u**2 - 6*u + 1. Let d(j) = 4*j**2 + 7*j - 2. Let m(n) = 5*b(n) + 4*d(n). Suppose 7 = 2*x - 1. What is m(x)?
5
Let n = -2594/15 + 173. Let c(p) be the third derivative of 1/60*p**5 + 0 + n*p**6 + 0*p - 1/6*p**3 + 1/24*p**4 - 2*p**2. Calculate c(1).
9
Let z(q) be the first derivative of -q**4/4 - q**3/3 - q**2/2 + 1. Let n(c) = -3*c + 5. Let l be n(5). Let b = l + 8. Give z(b).
6
Let g(z) = -4*z + 1. Let u be -1 + (-3)/(-3) - -1. Give g(u).
-3
Let n(y) be the second derivative of -y**5/20 - y**4/6 + y**2/2 + y. Suppose 3*p - 2*w - 2 = 0, 0 = 4*p + 5*w - 0*w - 18. Suppose -p*t = 7 - 1. Determine n(t).
10
Let h = 14 - 11. Let q(x) = -3 + x**3 + 0 + 5*x**2 - 2*x**3 + h*x + 2*x**3. Give q(-4).
1
Let l be (10/(-20))/(2/(-4)). Let f(s) = 2 + 7*s**2 + l + 3*s + s**3 - 4*s**2. What is f(-2)?
1
Let w(h) = -h**2 - 3 + 8 + 2*h**2 - 5*h. Suppose -y + 5 = -0. What is w(y)?
5
Let r(b) = -b + 2. Suppose -6*w + 5 = -5*w. What is r(w)?
-3
Suppose 4*g + 3*y = 21, 2*g + 2*y + y - 15 = 0. Let q(h) be the second derivative of h**4/6 - 5*h**3/6 + 3*h**2/2 + h. What is q(g)?
6
Suppose 23*o = 19*o + 16. Let t(m) = 3*m - 8. Give t(o).
4
Let i(j) be the third derivative of -j**6/720 + j**5/60 - j**4/12 - 3*j**2. Let w(r) be the second derivative of i(r). Determine w(5).
-3
Let c(o) be the third derivative of -o**4/24 - o**3/3 + o**2. Let l be -13 - (-2 + 8 + -4). Let i = -11 - l. What is c(i)?
-6
Suppose 0 = -3*r + j + 14, 2*r - r - j - 8 = 0. Let s(l) = l - 2*l - r + 0*l. Give s(3).
-6
Suppose -18 = 3*d + 3*c, -8 = -2*d + 6*c - 3*c. Let m(q) = -2*q. What is m(d)?
4
Let i be ((-4)/(-6))/(3/9). Let r(f) = f**i - 3 - 3*f**2 + 2*f + f**2 + 2*f**2. Calculate r(-4).
5
Suppose -8 = -0*b + 2*b, -5*o - 5*b = 15. Let x be 2/3 - (-4)/3. Let g(j) = -1 - j + 3*j - j**x - j**3 + 0*j**3. Determine g(o).
-1
Let g(k) = -k**3 - 8*k**2 - 7*k + 5. Let w be g(-7). Let z = w + -2. Let r(f) = -f**2 - 3*f**2 + 4*f + 2 - f**z - 8. Calculate r(-5).
-1
Let h(k) = k**2 + 17*k + 19*k + 1 - 38*k. Determine h(2).
1
Let g(h) = 2*h**2 + 3*h + 1. Suppose 2*p + 252 = -2*p. Let q be 135/p + (-2)/(-14). What is g(q)?
3
Let f(b) be the third derivative of -b**4/12 - 7*b**3/6 - b**2. Let q(s) be the first derivative of 2*s**2 + 3*s - 2. Let w be q(-2). Determine f(w).
3
Suppose 0 = h + 3*h. Let q be -10*((-1)/(-2) + h). Let i(a) = -a + 2. What is i(q)?
7
Let c(f) be the second derivative of f**4/12 + f**3/3 + 9*f. Suppose 7*i + 14 = -3*z + 2*i, 4*i + 4 = 0. What is c(z)?
3
Let x(u) = -11 - u + 9 - u**2 + 2*u**2. What is x(2)?
0
Let x(z) = -z. Suppose 2*n - 4*d - 6 = 0, -5*d = -0*d + 10. Let u(r) = -8*r**2 - 4*r + 1. Let g(t) = n*u(t) + 3*x(t). What is g(1)?
8
Let v = -22 - -30. Let f(m) = m**2 - 9*m + 9. Determine f(v).
1
Let p(j) = -j**2 - 5*j - 4. Suppose -k = -3, -4*k + 4 = 3*t + 1. Let d be p(t). Let g(i) = -1 - 2*i - 2 + 1. Determine g(d).
-6
Let t(f) = -7*f + 8. Let w be t(2). Let g(q) = q**3 + 7*q**2 + 6*q + 1. What is g(w)?
1
Let m(q) = 8*q**2 + q + 13. Let b(x) = -4*x**2 - x - 6. Let s(u) = -7*b(u) - 3*m(u). What is s(-2)?
11
Let f(y) = y**3 - 8*y**2 + 6*y + 7. Let l be f(7). Suppose l = r + 4 + 3. Let u(g) = g**3 + 8*g**2 + 7*g + 4. Let n be u(r). Let v(k) = -k + 4. Calculate v(n).
0
Let z(m) = 8*m - 5. Let f(l) = -9*l + 6. Let w(b) = 4*f(b) + 5*z(b). Calculate w(2).
7
Let h(y) = y**2 - 7. Suppose -3*m + 7 = -23. Let b = m - 10. Give h(b).
-7
Let k be 1/(-5) - (-105)/25. Let h(x) = -x**2 - 2. Determine h(k).
-18
Let l(s) = 17*s**3 - 2*s**2 + 2*s - 1. Let y be l(1). Let m(p) = 0*p + 2 - y + p. What is m(0)?
-14
Let c(t) be the third derivative of -t**4/6 - t**3/6 - 20*t**2. Give c(-4).
15
Let w(l) be the third derivative of l**4/24 - l**3/2 - l**2. Let f be w(5). Let y(v) = 3*v**2 - 2*v**f - 3*v + 6 - 2*v. Give y(5).
6
Let b(u) = 3*u - 29. Let q(a) = -a + 10. Suppose 0 = y + 12 + 5. Let x(i) = y*q(i) - 6*b(i). What is x(-4)?
8
Let c(u) be the second derivative of 0 + 2*u - 1/2*u**2 - 1/6*u**3. Suppose -5*a = -0*a + 20. Give c(a).
3
Let j(c) = 3*c + 4. Let t(v) = -2*v - 5. Let n(a) = -4*j(a) - 3*t(a). Let k = 17 - 14. Determine n(k).
-19
Let b(w) = 3*w**3 - 21*w**2 + 28*w - 6. Let a(k) = -k**3 + 11*k**2 - 14*k + 3. Let c(p) = -5*a(p) - 2*b(p). Determine c(-14).
-3
Let a(c) be the second derivative of c**5/20 - 7*c**4/12 + 2*c**3/3 + 3*c**2 + 6*c. What is a(6)?
-6
Let b(o) be the second derivative of -o**3/6 - 2*o**2 + 2*o. Suppose 3 + 7 = -5*f. Give b(f).
-2
Let b(j) = -j**3 - j**2 + j - 1. Suppose -2*v = 2*v + 20. Let k(r) = 6*r**3 - 5*r + 9. Let p(l) = v*b(l) - k(l). Give p(5).
-4
Let h(z) = -z**3 - 4 - 7*z**2 + 6 - 6*z + 1. What is h(-6)?
3
Let s(a) = -15*a**2 + a - 1. Suppose 0 = 2*y - 17 + 15. Determine s(y).
-15
Let k = 12 + -16. Let f(r) be the second derivative of r**4/12 + 5*r**3/6 - 3*r**2/2 - 12*r. Give f(k).
-7
Let s(j) = j. Suppose -3*f + 0*f = 21. Determine s(f).
-7
Suppose 5*c + 4*m - 25 = 0, -3*c - 3*m + 15 = -8*m. Let u = c - 4. Let f(w) = -w. Determine f(u).
-1
Let o be (3/20)/(1 + 5 + -3). Let z(v) be the third derivative of -1/12*v**4 + o*v**5 + 0 + 0*v + 4*v**2 + 1/3*v**3. Determine z(2).
10
Let d(u) be the second derivative of -u**5/20 - u**4/12 + u**3/6 - u**2 + 10*u - 1. Calculate d(-2).
0
Let k(b) = b**3 - 7*b**2 + 5*b + 7. Let t be 146/10 - 4/(-10). Suppose -5*r - 7*d = -2*d - t, 3*r - d = 21. Calculate k(r).
1
Let p be (1 + 0)*(-5 - -2). Let l be p - -2 - (-5 + 1). Let r(z) be the first derivative of z**4/4 - z**3 - z**2 + 2*z + 1. What is r(l)?
-4
Let g(h) = -h**2 - 6*h + 6. Let b = 25 + -31. What is g(b)?
6
Suppose 0 = -2*o + 4 + 2. Suppose -b + 4 = 0, -2*b + 28 = 2*z + o*b. Suppose q + z - 3 = 0. Let p(s) = -3*s**3 - s. Determine p(q).
4
Let h(o) = -o**2. Let q be h(-1). Let m(z) be the third derivative of -z**4/12 + 9*z**2. Give m(q).
2
Let z(l) = 3 + 5*l**2 - 5*l + l**3 + 2*l - 2*l. Calculate z(-6).
-3
Let m(h) = h + 2. Let v(a) = -a**2 + 15*a - 11. Let o be v(14). What is m(o)?
5
Let d(x) be the third derivative of -3*x**2 + 0*x + 0 - 1/6*x**3 + 1/12*x**4 - 1/6*x**5. Give d(1).
-9
Let t(p) = p**2 - 5*p - 6. Let r(u) = u + 7. Let b be r(-2). Determine t(b).
-6
Let x(k) = k**2 - 2*k. Let t = 13 - 9. Let j(w) = -w**2 - w**3 - 2*w + 3*w + 5*w**2. Let g be j(t). Calculate x(g).
8
Suppose -5*o = -6 - 19. Let w(t) = 5*t - o - t**2 - 2 + 2*t + 4. Calculate w(5).
7
Let z(p) = 5*p**3 + 11*p**2 - 4*p - 7. Let j(s) = 14*s**3 + 31*s**2 - 12*s - 20. Let y(n) = -4*j(n) + 11*z(n). Calculate y(-3).
-9
Let i(p) = -p**3 + 6*p**2 - 2. Let q be (-4)/18 + (-280)/(-45). What is i(q)?
-2
Let s(k) = -k**2 + k. Let f(z) = -z**3 - 11*z**2 + 13*z + 3. Let u(i) = -f(i) + 5*s(i). Give u(-7).
4
Let d(r) = r + 10. Let l be d(-8). Let b(p) = l*p - 5*p - p - 4 + 2*p. What is b(-5)?
6
Let q(k) be the third derivative of -k**4/6 + 13*k**2. Give q(3).
-12
Suppose -x = 2*j - j - 4, 4*j + x - 7 = 0. Let u(z) = 9*z**2 - 7*z + 1. Let v(l) = l. Let m(w) = -u(w) - 5*v(w). Give m(j).
-8
Let g(s) = -s**2 + 7*s + 4. Let k be g(7). Let l = 0 - -7. Let p(m) = 2 - 1 - l + 9*m - 5*m. What is p(k)?
10
Let u(f) be the second derivative of f**4/6 + 5*f**3/6 - 2*f**2 - f. Let d = 60 - 64. What is u(d)?
8
Let c(p) be the second derivative of -p**4/12 - p**3/6 + 2*p**2 - 14*p. What is c(3)?
-8
Suppose -p + 2*p + 5*h - 14 = 0, -4 = p - h. Let v(b) = -b**3 + 10*b**2 - 9*b + 3. Let m be v(9). Let s = p + m. Let f(o) = 2*o - 1. Give f(s).
3
Let j(w) = -14*w**2 + 14*w - 16. Let n(b) = -5*b**2 + 5*b - 5. Let c(t) = -4*j(t) + 11*n(t). Let v(y) = -y**3 - y**2 + y - 2. Let k be v(-2). What is c(k)?
9
Let r be 2/10 - (-66)/(-30). Let i(l) = -l**3 - 2*l**2 - 1. Determine i(r).
-1
Let r(p) be the first derivative of -1 + 1/12*p**4 - 2*p**2 + 1/2*p**3 + 0*p. Let y(b) be the second derivative of r(b). Calculate y(-4).
-5
Let l(b) = -b**2 + 3*b - 5. Let q(i) = -i**2 + 3*i - 6. Let p(x) = -4*l(x) + 3*q(x). What is p(2)?
0
Let r(o) = 0 + 2*o + 0 + 1 - 2 - 20*o**3. Calculate r(1).
-19
Let k(d) = -d**3 - 3*